s of 821165.
5, 164233
List the prime factors of 19645801.
7, 2806543
What are the prime factors of 7095906?
2, 3, 479, 823
List the prime factors of 966740.
2, 5, 48337
What are the prime factors of 88904?
2, 11113
List the prime factors of 526395.
3, 5, 19, 1847
What are the prime factors of 481716?
2, 3, 13381
What are the prime factors of 500161?
53, 9437
List the prime factors of 11461893.
3, 17, 224743
What are the prime factors of 194550?
2, 3, 5, 1297
What are the prime factors of 13594282?
2, 13, 522857
List the prime factors of 7770125.
5, 11, 5651
List the prime factors of 1657508.
2, 31, 13367
What are the prime factors of 26067049?
4987, 5227
What are the prime factors of 186592?
2, 7, 17
List the prime factors of 311108.
2, 7, 41, 271
List the prime factors of 12841990.
2, 5, 7, 383, 479
What are the prime factors of 209552?
2, 7, 1871
What are the prime factors of 2115532?
2, 528883
List the prime factors of 23919.
3, 7, 17, 67
What are the prime factors of 2108684?
2, 317, 1663
What are the prime factors of 1159369?
31, 149, 251
List the prime factors of 13457964.
2, 3, 13, 86269
What are the prime factors of 344432?
2, 11, 19, 103
What are the prime factors of 5878165?
5, 227, 5179
What are the prime factors of 193882?
2, 13, 7457
What are the prime factors of 1167499?
109, 10711
List the prime factors of 781808.
2, 131, 373
What are the prime factors of 1266303?
3, 422101
What are the prime factors of 692630?
2, 5, 69263
What are the prime factors of 538961?
71, 7591
List the prime factors of 851861.
179, 4759
List the prime factors of 204105.
3, 5, 11, 1237
What are the prime factors of 5866877?
19, 43, 167
List the prime factors of 7777482.
2, 3, 71, 18257
List the prime factors of 2132292.
2, 3, 177691
List the prime factors of 1732712.
2, 59, 3671
What are the prime factors of 1915335?
3, 5, 31, 1373
List the prime factors of 2834629.
7, 19, 21313
List the prime factors of 291365.
5, 19, 3067
What are the prime factors of 269970?
2, 3, 5, 8999
List the prime factors of 423093.
3, 11, 12821
What are the prime factors of 197139?
3, 65713
What are the prime factors of 2103373?
23, 109, 839
List the prime factors of 3336982.
2, 11, 151681
List the prime factors of 1292362.
2, 646181
What are the prime factors of 521656?
2, 197, 331
What are the prime factors of 1202693?
23, 52291
What are the prime factors of 24217?
61, 397
What are the prime factors of 372621?
3, 29, 4283
List the prime factors of 211688.
2, 47, 563
What are the prime factors of 5373132?
2, 3, 41, 67, 163
List the prime factors of 3377890.
2, 5, 47, 7187
What are the prime factors of 228229?
23, 9923
What are the prime factors of 178811?
163, 1097
What are the prime factors of 100155?
3, 5, 11, 607
List the prime factors of 3458567.
7, 70583
What are the prime factors of 1975805?
5, 13, 113, 269
What are the prime factors of 117521?
17, 31, 223
What are the prime factors of 553643?
553643
List the prime factors of 491349.
3, 23, 7121
What are the prime factors of 205386?
2, 3, 34231
What are the prime factors of 36740215?
5, 7348043
What are the prime factors of 95768?
2, 11971
List the prime factors of 562202.
2, 401, 701
What are the prime factors of 5969401?
19, 211, 1489
What are the prime factors of 5742564?
2, 3, 31, 43, 359
What are the prime factors of 271325?
5, 10853
List the prime factors of 9092518.
2, 17, 15731
What are the prime factors of 242183?
199, 1217
List the prime factors of 33733821.
3, 11, 1022237
List the prime factors of 867635.
5, 19, 9133
List the prime factors of 1505657.
1505657
List the prime factors of 374000.
2, 5, 11, 17
What are the prime factors of 1597365?
3, 5, 7, 11, 461
List the prime factors of 70396.
2, 17599
List the prime factors of 530859.
3, 7, 17, 1487
What are the prime factors of 10158217?
19, 239, 2237
List the prime factors of 15866266.
2, 13, 37, 16493
What are the prime factors of 1607284?
2, 7, 137, 419
What are the prime factors of 203252?
2, 7, 17, 61
What are the prime factors of 2755744?
2, 86117
What are the prime factors of 6131576?
2, 11, 69677
List the prime factors of 1054076.
2, 263519
What are the prime factors of 2512295?
5, 73, 6883
List the prime factors of 435470.
2, 5, 7, 6221
What are the prime factors of 67022?
2, 23, 31, 47
List the prime factors of 7160011.
7160011
List the prime factors of 265848.
2, 3, 11, 19, 53
List the prime factors of 6066421.
31, 195691
What are the prime factors of 7585569?
3, 71, 1319
What are the prime factors of 5696670?
2, 3, 5, 7, 27127
List the prime factors of 3133375.
5, 7, 3581
List the prime factors of 6101198.
2, 17, 311, 577
List the prime factors of 1362777.
3, 13, 83, 421
List the prime factors of 32792754.
2, 3, 5465459
List the prime factors of 161569.
161569
What are the prime factors of 4097961?
3, 7, 29, 2243
List the prime factors of 2216444.
2, 547, 1013
What are the prime factors of 86010?
2, 3, 5, 47, 61
What are the prime factors of 218312?
2, 29, 941
What are the prime factors of 566684?
2, 141671
What are the prime factors of 5237714?
2, 1571, 1667
List the prime factors of 312855.
3, 5, 20857
List the prime factors of 1129155.
3, 5, 75277
List the prime factors of 1665809.
821, 2029
List the prime factors of 5893902.
2, 3, 7, 29, 1613
What are the prime factors of 955177?
41, 23297
What are the prime factors of 42255?
3, 5, 313
What are the prime factors of 605968?
2, 11, 313
What are the prime factors of 34250?
2, 5, 137
List the prime factors of 1385171.
1385171
What are the prime factors of 1507489?
23, 65543
What are the prime factors of 1306038?
2, 3, 109, 1997
List the prime factors of 9768948.
2, 3, 7, 17, 6841
List the prime factors of 3706575.
3, 5, 73, 677
What are the prime factors of 19347864?
2, 3, 193, 4177
List the prime factors of 896356.
2, 23, 9743
What are the prime factors of 2215113?
3, 157, 4703
List the prime factors of 89393.
89393
What are the prime factors of 2357088?
2, 3, 43, 571
What are the prime factors of 3160258?
2, 307, 5147
What are the prime factors of 182634?
2, 3, 61, 499
What are the prime factors of 871634?
2, 435817
List the prime factors of 3246345.
3, 5, 139, 173
List the prime factors of 250114.
2, 79, 1583
List the prime factors of 691239.
3, 19, 67, 181
What are the prime factors of 17929614?
2, 3, 1567, 1907
What are the prime factors of 157833?
3, 13, 19, 71
List the prime factors of 443976.
2, 3, 13, 1423
What are the prime factors of 212405?
5, 23, 1847
What are the prime factors of 447139?
7, 11, 5807
What are the prime factors of 24840480?
2, 3, 5, 7, 7393
List the prime factors of 23008981.
19, 1210999
List the prime factors of 552883.
552883
List the prime factors of 620876.
2, 155219
What are the prime factors of 39003?
3, 13001
What are the prime factors of 309051?
3, 23, 1493
List the prime factors of 1737179.
17, 6011
List the prime factors of 3833459.
7, 19, 37, 41
List the prime factors of 47599.
47599
What are the prime factors of 340188?
2, 3, 28349
What are the prime factors of 116137?
7, 47, 353
List the prime factors of 5792082.
2, 3, 179, 5393
What are the prime factors of 18843556?
2, 107, 44027
List the prime factors of 4819669.
4819669
List the prime factors of 174021.
3, 19, 43, 71
What are the prime factors of 22430?
2, 5, 2243
What are the prime factors of 115945?
5, 23189
What are the prime factors of 19598896?
2, 29, 42239
List the prime factors of 2982725.
5, 229, 521
What are the prime factors of 251674?
2, 19, 37, 179
What are the prime factors of 17444007?
3, 7, 73, 3793
What are the prime factors of 14109958?
2, 577, 12227
What are the prime factors of 325769?
325769
List the prime factors of 2799418.
2, 1399709
What are the prime factors of 1887255?
3, 5, 17, 2467
What are the prime factors of 955172?
2, 31, 7703
What are the prime factors of 2092308?
2, 3, 113, 1543
List the prime factors of 1656031.
13, 41, 239
What are the prime factors of 521829?
3, 7, 11, 251
List the prime factors of 264079.
181, 1459
List the prime factors of 68241.
3, 23, 43
List the prime factors of 158308.
2, 19, 2083
What are the prime factors of 300292?
2, 37, 2029
What are the prime factors of 451345?
5, 19, 4751
What are the prime factors of 4670115?
3, 5, 311341
List th